uppose t = 2*k + 18, z*t - 18 = 2*k - 7*k. What are the prime factors of t?
2, 7
Let i(m) be the first derivative of m**2 + 6*m + 29. Let s be 0 + 2/((-4)/(-10)). List the prime factors of i(s).
2
Let f(q) = 7*q**2 + q - 35. Suppose -21 = -12*j + 51. List the prime factors of f(j).
223
Suppose 5*u + 4*s - 2148 = 0, -2*u - 488 = s - 1349. What are the prime factors of u?
2, 3
Suppose -k = -19*k - 270. List the prime factors of (-276)/(-1 + 3)*(k + 14).
2, 3, 23
Suppose 12*y + 44604 = 75*y. List the prime factors of y.
2, 3, 59
Let s be (21 - 1)/((-22)/(-77)). Suppose -27 - s = -f. List the prime factors of f.
97
What are the prime factors of (-4)/(-6) + ((-132304)/(-48) - 0)?
3, 919
Let h = 11 + -4. Let v(w) = -8 + 2*w**2 + 7*w**2 - 3*w**2 - 12*w - 3*w**2. What are the prime factors of v(h)?
5, 11
Suppose 0 = 2*g - 0*g - 2*f - 4, 2*g - 16 = -f. Suppose 16*k + 11 - 43 = 0. Suppose -g = -k*w + 30. List the prime factors of w.
2, 3
Suppose -2*r - 2*d = -166, 5*d - 93 = -r + 9*d. What are the prime factors of r?
5, 17
Let y = -413 + 554. List the prime factors of y.
3, 47
Suppose -r - 3*s + 9 = -5*s, 0 = -r + 4*s + 13. Suppose -o = -r*o. Suppose -3*f + 174 - 60 = o. List the prime factors of f.
2, 19
Suppose 3767 = 2*p - 4*d + 465, -3*p + 2*d + 4941 = 0. List the prime factors of p.
5, 7, 47
Suppose 30*j - 32*j = -34. Let f(x) = x**2 - 12*x + 6. What are the prime factors of f(j)?
7, 13
Suppose -q + 27 = -5*g, 4*g = 3*q - 2*q - 22. Suppose 329 = q*i + 2*f - f, 0 = -2*i + 4*f + 334. What are the prime factors of i?
3, 5, 11
Let x(p) = -121*p - 12. Let o be x(-7). Suppose 4*j = 3*g + 2*j - o, 0 = -g + 5*j + 261. What are the prime factors of g?
281
List the prime factors of 2/10 + 5/25*2309.
2, 3, 7, 11
Let u(i) = 7 - 4*i + 7*i**2 - 3*i**2 + 3*i**3 - i. List the prime factors of u(3).
109
Let s(w) = 24*w**2 - 17. Let y be s(-8). Suppose 4*h - 2*p = 283 + 933, 5*h = 2*p + y. List the prime factors of h.
3, 101
Let s = 22 + -20. Suppose 0 = 2*q + 3*x - 39, -7*x = 3*q - s*x - 60. List the prime factors of q.
3, 5
Let i(x) = x**3 - 19*x**2 + 61*x - 82. What are the prime factors of i(21)?
2081
Let f(r) = r**3 - 29*r**2 - 8*r + 35. List the prime factors of f(30).
5, 139
Let i be 41/82 - 3/((-12)/(-26)). Let g(c) = -c**2 + 1 - 2 + 0 - 15*c. List the prime factors of g(i).
53
Let m = -17 - -20. Let c be m/9 + 11/3. Let o(y) = 3*y**2 - 6*y + 2. What are the prime factors of o(c)?
2, 13
What are the prime factors of ((-969)/(-17))/((-2)/(-76))?
2, 3, 19
Let j = -15 - -22. Let v(t) = -10*t**2 + 6*t - 4. Let o be v(-5). List the prime factors of o/(-14) + (-2)/j.
2, 5
Let u(d) be the third derivative of -d**4/4 - 5*d**3/6 - 8*d**2. Suppose 0 = 4*j, 0 = -v - 2*v + 3*j - 18. List the prime factors of u(v).
31
Let j(g) = -g**3 - 5*g**2 + g + 2. Let f be (8/(-10))/((-4)/(-30)). Let h be j(f). Suppose o - 4*z = -z + h, -3*o = -z - 64. List the prime factors of o.
2, 5
Suppose 56*b = 79*b - 55545. What are the prime factors of b?
3, 5, 7, 23
Suppose -3 = -g - 0*g. Suppose g*h - 5*t + 15 = 0, 0 = 4*h - h + t + 15. List the prime factors of (33/11)/((-3)/h).
5
Suppose 4*h - 3*j - 419 = 1860, -h = -j - 569. List the prime factors of h.
2, 11, 13
Suppose -4*x = -8*i + 4*i - 384, 2 = -i. Let c = x + -55. What are the prime factors of c?
3, 13
What are the prime factors of 19880/180*21/2*3?
7, 71
Suppose -3*u + 4 = -m - 1, 4*m = -2*u - 20. Suppose -3*p + 3 = -4*a, -2*p + 10 = -u. List the prime factors of (a/(-2) - -1)*-30.
3, 5
Let u(x) = x - 1. Let o(s) = -7*s + 2. Let g(z) = o(z) + 4*u(z). Suppose 3*r + 4*c + 2 = -14, -5*r - 23 = 3*c. What are the prime factors of g(r)?
2, 5
Let q = 5016 + -1819. List the prime factors of q.
23, 139
Suppose -4*s - 72 = 4*p, -4*p + 2*p = -s + 33. Let n(m) = -m**3 - 4*m**2 + 8*m + 1. Let d be n(-6). Let a = d + p. What are the prime factors of a?
2
Let p(g) = -4*g**2 - 27 + 0*g**2 + g + 3*g**2 - 14*g. What are the prime factors of p(-6)?
3, 5
Suppose -146 = -10*w - 46. Suppose -w*x = -5*x - 430. What are the prime factors of x?
2, 43
Let a(h) = 449*h + 1. Let j be a(1). Suppose 0 = -2*i - m + 179, -5*m = i + 4*i - j. List the prime factors of i.
89
Let a(d) = d - 11. Let v(y) = -y**2 + 11*y + 24. Let p be v(12). Let g be a(p). What are the prime factors of (1 - -1)/(g/22)?
2, 11
Let g = -36 - -42. What are the prime factors of 12/8*52/g?
13
Let b(c) = c**3 - 5*c - 3. Let x(y) = 3*y**3 - 15*y - 8. Let q(m) = 8*b(m) - 3*x(m). List the prime factors of q(-5).
2, 5
List the prime factors of (16/32)/((-3)/(-5382)).
3, 13, 23
Suppose 2*g - 5*x = -3*g + 70, -5*g + x = -66. Suppose 228 = g*s - s. What are the prime factors of s?
19
Let h(b) = 370*b**3 - b**2. List the prime factors of h(1).
3, 41
Suppose -187 = 2*o - 1003. List the prime factors of o.
2, 3, 17
Suppose 4 = -3*r - o, 4*r + 3*o - 4*o - 4 = 0. Suppose r = -4*c - c + 260. List the prime factors of c.
2, 13
Suppose 2*a - 2007 = 5*v, 2*a = -3*a - v + 4950. List the prime factors of a.
991
Let t = 359 + 901. What are the prime factors of t?
2, 3, 5, 7
Suppose -4*v = -1586 + 314. List the prime factors of v.
2, 3, 53
Suppose -5*y - 478 = -l, 7*y - l + 286 = 4*y. Let i = 17 - y. What are the prime factors of i?
113
Let o(p) = -3*p + 1. Let r(y) = 5*y**3 - 1. Suppose z = 2*m + 4, -3*z + 5 - 4 = 5*m. Let f be r(m). List the prime factors of o(f).
19
Let l(n) = 2*n**3 - 19*n**2 + 11*n - 4. Let i be l(9). Let s = i + 34. What are the prime factors of s?
2, 3
Suppose 4*w - 400 = -4*l, -98 = -2*l + w + 108. Let s = 7 - 4. Suppose -4*u - t = t - 134, -s*t + l = 3*u. What are the prime factors of u?
3, 11
Suppose 3*j = -2*j. Suppose -3*c + j = -3. Suppose f + n = c, 4 - 1 = -n. What are the prime factors of f?
2
Let i(m) = 141*m + 62. What are the prime factors of i(4)?
2, 313
Suppose 4*n + 2*g - g = 1, 4*n + 4 = 4*g. Suppose n = -5*w + w. Suppose -v = -w*v - 18. What are the prime factors of v?
2, 3
Let i(n) = -n**2 + 5*n - 3. Let h be i(5). Let p(u) = 9*u - 1. Let w be p(h). Let t = -6 - w. What are the prime factors of t?
2, 11
Let s(n) = 3*n - 8. Let u(y) = -4*y + 6. Let d(b) = 3*s(b) + 4*u(b). Suppose 0 = 4*w + 1 + 3. What are the prime factors of d(w)?
7
Let w be ((-70)/(-40))/((-3)/(-12)). Suppose -w*y + 378 = -y. What are the prime factors of y?
3, 7
Let g(s) be the first derivative of -s**4/4 + 4*s**3/3 - s**2 + s + 16. Let o(t) = 3*t - 3. Let c be o(2). What are the prime factors of g(c)?
2
Let g = 29 + -36. Let c = 22 + g. List the prime factors of c.
3, 5
Suppose -4*l - l = -730. Let g = 79 + l. Suppose 5*a - g = -5*r, -r - r + 231 = 5*a. List the prime factors of a.
47
Let b(n) = n**3. Let l be b(0). Suppose -5*v - 32 = -4*x, l*x + 8 = -4*x - 5*v. Suppose h + 2*d - 255 = -4*h, h + x*d - 51 = 0. What are the prime factors of h?
3, 17
Let h = -20 + 30. Suppose h*b + 4*n = 5*b + 241, -4*b + 195 = n. List the prime factors of b.
7
Suppose 4*k = -2*i + 1776, 5*k = -2*i + 2*k + 1777. Suppose 130 - i = -5*q. What are the prime factors of q?
2, 19
Let z = 1337 - 513. List the prime factors of z.
2, 103
Let s(x) = -x**3 - 7*x**2 + 5*x - 19. Let z be s(-8). Suppose z*v - 2*c = 1073, -3*v - 6*c + 648 = -3*c. List the prime factors of v.
5, 43
Let r = 842 - 573. Suppose 5*o + r = 689. What are the prime factors of o?
2, 3, 7
Let b(w) = -5*w + 6. Let v(i) = -5*i + 6. Let k(p) = -3*b(p) + 4*v(p). List the prime factors of k(-7).
41
Let k(g) = 11*g**3 - g**2 + 2*g - 2. Let u be k(1). Let w be 2/u + 392/40. Let x(a) = a**3 - 11*a**2 + 10*a + 7. List the prime factors of x(w).
7
Suppose 0 = t + 4*t - 150. Let c = t + -5. Suppose -20 = 4*x, -2*o - 3*x = 3*o - c. What are the prime factors of o?
2
Let s(d) = d**3 + 27*d**2 + d + 15. What are the prime factors of s(-7)?
2, 13, 19
Let s be (-7 + 0)*(0 + 1). Let n be -4 - s - (3 - -1). What are the prime factors of 23/(-1)*(-2 - n)?
23
Let u(x) be the third derivative of -1/6*x**3 + 0 + 0*x - 1/6*x**4 - 4*x**2. What are the prime factors of u(-3)?
11
Suppose 8 = 3*v + 4*k, -2*v + v + 4*k + 24 = 0. Let f(x) = -x**3 + 8*x**2 + x - 10. Let u be f(v). What are the prime factors of -8*-14*u/(-16)?
2, 7
Let l be 3894/4 + 3 - (-5)/(-10). Suppose -7*r + l = -1117. What are the prime factors of r?
13, 23
Let k(j) = 3*j**2 + j - 4. Suppose 4*q - q = 12. Suppos